mine y(-28).
222
Let m(s) = 22*s - 258. Determine m(21).
204
Let t(a) = -467*a - 65226. What is t(-141)?
621
Let a(g) = 319*g - 12912. Calculate a(37).
-1109
Let f(p) = 283*p**2 - 72179*p + 3547. Calculate f(255).
-23
Let n(q) = -2580*q + 51680. What is n(20)?
80
Let k(t) = 961*t - 68277. Determine k(71).
-46
Let l(s) = -2194*s + 6400. Give l(4).
-2376
Let j(y) = 516*y - 1575. Give j(1).
-1059
Let w(m) = 2*m**3 - 41*m**2 - 40*m + 191. What is w(20)?
-1009
Let q(m) = m**2 - 135*m - 2920. Give q(-19).
6
Let g(r) = -r**3 - 121*r**2 - 3307*r - 2303. What is g(-80)?
-143
Let w(x) = 30*x**3 - 481*x**2 + 15*x - 17. Determine w(16).
-33
Let q(d) = -4*d**2 - 1109*d + 10016. Give q(-286).
6
Let q(f) = -f**3 - 4*f**2 + 100*f - 197. Give q(-12).
-245
Let v(w) = -2*w**3 - 144*w**2 - 130*w - 458. Calculate v(-71).
-1310
Let x(h) = 5*h**2 - 88*h - 572. Determine x(-8).
452
Let w(q) = -68*q**3 - 142*q**2 + 81*q + 181. Give w(-2).
-5
Let m(w) = w**3 - 41*w**2 + 287*w - 521. Determine m(7).
-178
Let q(l) = -178*l**2 - 2187*l - 2192. Give q(-1).
-183
Let a(y) = 4*y**2 - 16*y - 28800. Determine a(-83).
84
Let q(o) = 4269*o + 1502707. Calculate q(-352).
19
Let h(a) = 671*a - 234877. What is h(350)?
-27
Let f(c) = 39025*c + 272641. Determine f(-7).
-534
Let f(m) = -2*m**3 - 378*m**2 - 15677*m - 3711. Give f(-61).
10
Let y(r) = -1108*r - 160673. Determine y(-145).
-13
Let z(o) = -7828*o + 54251. What is z(7)?
-545
Let h(y) = -y**3 - 26*y**2 - 397*y - 4295. What is h(-14)?
-1089
Let w(q) = 10*q**2 - 663*q - 11349. Give w(-14).
-107
Let j(d) = 26715*d - 187103. Calculate j(7).
-98
Let r(c) = 2*c**3 + 305*c**2 + 145*c - 210. Calculate r(-152).
854
Let j(b) = b**3 + 33*b**2 - 91*b + 107. What is j(-34)?
2045
Let y(o) = -41302*o - 1486867. Calculate y(-36).
5
Let k(n) = 9*n**2 + 7902*n - 7902. Calculate k(1).
9
Let x(s) = -10*s**2 + 81*s - 444. Determine x(7).
-367
Let w(p) = 39*p - 3238. What is w(58)?
-976
Let q(u) = 136678*u + 546727. What is q(-4)?
15
Let l(i) = -4*i**3 - 379*i**2 - 284*i - 132. What is l(-94)?
56
Let x(j) = 392*j + 11959. Give x(-32).
-585
Let i(m) = -118292*m + 118021. Give i(1).
-271
Let s(x) = 685*x + 21490. Give s(-30).
940
Let m(y) = -2*y**3 - 14*y**2 - 10*y + 35. Calculate m(-3).
-7
Let h(i) = 224*i + 2811. Give h(-15).
-549
Let k(s) = 9*s**2 - 216*s + 174. What is k(23)?
-33
Let m(n) = -6*n**3 + 21*n**2 + 42*n + 363. Calculate m(6).
75
Let m(r) = -60*r - 1441. What is m(-21)?
-181
Let i(y) = y**2 - 511*y - 12590. What is i(-26)?
1372
Let m(a) = -610*a + 2297. Calculate m(4).
-143
Let t(a) = 828*a + 46340. What is t(-56)?
-28
Let x(a) = 387*a**2 - 419*a. Determine x(1).
-32
Let h(w) = 209*w**2 + 52880*w + 754. Give h(-253).
-5
Let p(h) = -3*h**3 - 2*h**2 - 452*h - 908. What is p(-2)?
12
Let l(z) = -156337*z + 781659. Calculate l(5).
-26
Let g(c) = -9*c**3 - 21*c**2 + 43*c + 212. Give g(-4).
280
Let o(y) = -89*y**3 + 8*y**2 - 150*y + 142. Determine o(1).
-89
Let n(g) = -41*g**3 - 245*g**2 + 143*g + 806. Give n(-6).
-16
Let j(l) = -245*l - 1874. What is j(-7)?
-159
Let j(l) = -52102*l - 520931. Calculate j(-10).
89
Let t(s) = 1268*s + 1279. Determine t(0).
1279
Let p(h) = 216*h**2 - 199*h - 94. What is p(4)?
2566
Let v(a) = 2*a**2 - 2476*a - 27. Give v(0).
-27
Let s(l) = 257*l**2 + 18*l + 19. Determine s(-1).
258
Let o(c) = -480*c**2 - 62*c + 9. Calculate o(-2).
-1787
Let s(p) = 3*p**2 + 125*p - 9936. Give s(-82).
-14
Let h(o) = -8*o**3 - 93*o**2 + o - 277. Determine h(-12).
143
Let a(v) = -v**2 + 91395*v - 548360. Give a(6).
-26
Let a(d) = -d**3 - 5*d**2 - 303*d + 2157. Give a(7).
-552
Let j(s) = -9*s**3 + 4095*s**2 - 4*s + 1579. Calculate j(455).
-241
Let g(n) = n**3 + 135*n**2 + 3674*n - 908. Give g(-97).
256
Let i(j) = 8199*j - 270846. Give i(33).
-279
Let b(x) = 993*x + 7929. What is b(-8)?
-15
Let d(t) = -1556*t + 48073. Calculate d(31).
-163
Let b(s) = -12*s**2 - 799*s + 87. Determine b(-66).
549
Let w(t) = -34237*t - 308147. What is w(-9)?
-14
Let l(t) = -2*t**3 + 328*t**2 - t - 566. Determine l(164).
-730
Let v(w) = 4308*w + 112019. Calculate v(-26).
11
Let n(t) = -t**3 - 51*t**2 + 98*t + 4305. Determine n(-52).
1913
Let p(s) = s**3 + 3*s**2 + 671*s + 11. Determine p(0).
11
Let p(k) = -5*k**2 - 405*k + 5285. Determine p(15).
-1915
Let y(s) = -s**2 + 337*s - 27932. Determine y(147).
-2
Let g(a) = -a**2 + 137132*a - 2468047. Determine g(18).
5
Let z(j) = 1237*j + 569. What is z(-1)?
-668
Let g(w) = -122*w**2 + 368*w + 1091. What is g(-3)?
-1111
Let d(p) = -2*p**3 - 36*p**2 + 34*p + 616. Calculate d(-4).
32
Let f(l) = 7376*l - 14596. Give f(2).
156
Let w(o) = -21*o**2 + 104*o + 119. Calculate w(12).
-1657
Let l(c) = 32*c**2 - 2987*c + 3880. What is l(92)?
-76
Let g(j) = -43*j - 7365. Calculate g(-64).
-4613
Let b(n) = n**3 - 19*n**2 - 308*n - 39. What is b(-10)?
141
Let d(a) = -215*a**2 - 64937*a - 1975. Calculate d(-302).
139
Let a(o) = -4*o**3 + 11*o**2 + 90*o + 59. What is a(-3)?
-4
Let m(g) = -282*g + 8694. Give m(31).
-48
Let t(s) = -s**3 + 96*s**2 - 265*s + 336. Give t(93).
1638
Let y(u) = -9*u**2 + 1240*u + 22486. Give y(154).
2
Let z(t) = 4*t**3 - 240*t**2 - 1269*t + 17. Calculate z(-5).
-138
Let i(o) = -155*o - 3893. Determine i(-27).
292
Let f(p) = -5*p**3 - 87*p**2 - 300*p. Calculate f(-12).
-288
Let l(f) = -f**2 + 245*f - 14636. Calculate l(142).
-10
Let j(q) = -q**3 - 26*q**2 + 775*q - 38. What is j(-44)?
710
Let s(i) = 17*i**2 + 279*i - 495. Determine s(-18).
-9
Let v(c) = c**2 + 483*c - 27595. Give v(51).
-361
Let m(y) = -2*y**2 + 40280*y - 10925748. Give m(275).
2
Let n(u) = u**3 - 28*u**2 + 4*u - 1471. Calculate n(32).
2753
Let s(f) = 2*f**2 - 127*f - 546. Determine s(55).
-1481
Let s(d) = 1115*d - 14320. Determine s(13).
175
Let b(k) = -k**3 - 185*k**2 + 893*k - 48307. What is b(-191)?
16
Let j(t) = -t**2 + 68746*t + 8815880. Give j(-128).
8
Let m(x) = 2435*x + 14960. Give m(-7).
-2085
Let s(r) = r**3 + 278*r**2 + 2679*r - 41. Determine s(-10).
-31
Let h(j) = 30819*j - 1910772. Calculate h(62).
6
Let p(c) = 34*c**3 + 375*c**2 + 19*c + 89. Calculate p(-11).
1
Let y(u) = -4*u**3 - 3*u**2 - 7*u - 69. Calculate y(5).
-679
Let q(v) = 56*v**2 + 1862*v + 367. Give q(-33).
-95
Let b(a) = -a**3 - 30*a**2 + 374*a - 81. What is b(9)?
126
Let z(r) = 2*r**3 - 7*r**2 - 179*r + 1205. Give z(6).
311
Let h(z) = 116422*z + 931371. What is h(-8)?
-5
Let q(r) = 5820*r + 29101. Give q(-5).
1
Let m(b) = 3*b**3 + 15*b**2 + 271*b + 1051. What is m(-4)?
15
Let u(n) = 6470*n + 38846. Determine u(-6).
26
Let g(o) = 2*o**2 + 639116*o + 1917344. What is g(-3)?
14
Let k(j) = 2*j**3 - 109*j**2 + 806*j + 2232. What is k(45)?
27
Let y(k) = 18*k**3 + 27*k**2 + 25*k - 1. Give y(-1).
-17
Let y(b) = -101*b**3 - 3*b**2 + 455*b + 456. Determine y(-1).
99
Let s(w) = 6*w**2 - 2426*w + 93840. What is s(361)?
-20
Let k(h) = -49090*h + 588985. What is k(12)?
-95
Let p(q) = 2*q**3 - 204*q**2 - 5231*q - 1356. What is p(-21)?
9
Let l(c) = -891*c + 61204. Give l(68).
616
Let w(s) = -1989*s - 10087. What is w(-5)?
-142
Let u(a) = 21659*a + 2274070. Determine u(-105).
-125
Let o(p) = 1373*p - 328132. Give o(239).
15
Let n(c) = 3*c**3 - 54*c**2 - 107*c + 1354. Determine n(19).
404
Let z(y) = 73*y + 14670. What is z(-201)?
-3
Let v(r) = 6871*r - 76046. Calculate v(11).
-465
Let b(h) = 20*h**2 + 1156*h - 566. Determine b(-58).
-334
Let a(q) = -8*q**3 - 51*q**2 + 143*q + 193. What is a(-1)?
7
Let f(r) = 6*r**2 - 6950*r - 539322. Determine f(-73).
2
Let l(r) = -17240*r**2 - 120634*r + 329. Calculate l(-7).
7
Let b(n) = -1804*n - 14032. Determine b(-8).
400
Let n(o) = -2*o**2 + 9950*o + 340652. Calculate n(-34).
40
Let r(l) = 3*l**2 - 202*l - 15879. Calculate r(113).
-398
Let d(x) = -70*x**2 + 3272*x - 27512. What is d(11)?
10
Let v(a) = 10*a**3 - 481*a**2 + 28*a - 30. Determine v(48).
-990
Let v(c) = 5816*c + 52145. Give v(-9).
-199
Let r(b) = 146*b + 7802. Give r(-52).
210
Let a(n) = -299683*n + 299681. Calculate a(1).
-2
Let j(a) = -770*a - 630777. Calculate j(-819).
-147
Let r(t) = -429*t**2 - 6863*t + 33. What is r(-16)?
17
Let v(o) = 235*o - 29715. Calculate v(126).
-105
Let u(r) = 92*r**2 - 1024*r + 1756. Give u(9).
-8
Let w(s) = s**3 - 36*s**2 - 2335*s + 37027. Calculate w(14).
25
Let c(u) = -5*u**3 - 448*u**2 - 2331*u + 1750. Determine c(-84).
-14
Let y(a) = -a**